se 3*m + 1 = q. List the prime factors of 259/(-21)*m*-1.
37
Suppose 8 = -4*y + 2*y. Let s(v) = -12*v + 7. List the prime factors of s(y).
5, 11
Let o(u) = -2*u**2 + 12*u - 39. Let j be o(10). Let a = j - -187. What are the prime factors of a?
2, 17
Let n be 1*((0 - 0) + 1). Suppose 3*b - 455 = -4*b. What are the prime factors of n*(1 + b + 4)?
2, 5, 7
Suppose -y = -4*r - 16, 6*y = 4*y - 4*r + 8. Suppose y*a = 6*a + 12. Suppose 2*k - 23 = -a*b + b, -3*b = k - 9. What are the prime factors of k?
2, 3
Let t = -375 + 846. List the prime factors of t.
3, 157
Suppose -2 = 5*q + 3*h, -2*q + 0*h + 16 = -3*h. Suppose 0 = -q*o - 0*o + 4. What are the prime factors of o + 0 + 13 - 1?
2, 7
Suppose -5*f + 3610 = 3*x, -4*x - 3*f = -2*x - 2407. List the prime factors of x.
5, 241
Let v(t) be the first derivative of 9*t**2/2 - 3*t + 8. What are the prime factors of v(3)?
2, 3
Let u(p) = 2*p**3 - 6*p**2 - 31*p - 4. List the prime factors of u(9).
13, 53
Let a(o) = -15*o + 57. Let h(n) = 5*n - 19. Let f(u) = 2*a(u) + 7*h(u). List the prime factors of f(7).
2
Let o(x) = 9*x**2 + 5*x - 11. Let b be o(-5). Suppose 0 = h - 4*h + b. What are the prime factors of h?
3, 7
Let i = 48 - 46. Suppose 3*k - 618 = 3*w, -i*k + 432 = -w + 3*w. List the prime factors of k.
211
Let h = 14 + -23. Let m = h + 11. Suppose -2*n + 16 = -m*o, -5*n - o = 2*o - 40. What are the prime factors of n?
2
Suppose -3*u = -i + u + 4, 5*u = 4*i + 39. Let p = i + 20. Suppose 0 = p*h - 50 - 118. What are the prime factors of h?
2, 3, 7
Let p be 6/(-15) + (-102)/(-30). Suppose p*f = 12 + 3. Suppose f*r = 36 + 14. What are the prime factors of r?
2, 5
Let a = -205 + 320. List the prime factors of a.
5, 23
Suppose 1897 = 3*p + 91. What are the prime factors of p?
2, 7, 43
Let j = -81 - -177. Let k = j + -46. List the prime factors of k.
2, 5
Let v(t) = 2*t**2 + 10*t + t + 3*t + 19. List the prime factors of v(-10).
79
Let z = 99 - 9. Let d = z - 54. List the prime factors of d.
2, 3
Let j(p) = -p**3 + 4*p**2 - p + 4. Let c be j(4). Suppose c*k - 2*k = 488. List the prime factors of k/(-10) - (-33)/55.
5
What are the prime factors of 11 - -426 - (-4)/1?
3, 7
Suppose -162219 = 34*u - 103*u. List the prime factors of u.
2351
Suppose 0 = 4*b - 377 - 15. List the prime factors of b.
2, 7
Let v be (-14)/4 - -4 - (-3)/2. Let b = -15 + 17. Suppose b*x - 32 = v. What are the prime factors of x?
17
Suppose 5*v - n - 12418 = 0, 5*v + 3*n - 10704 = 1722. List the prime factors of v.
2, 3, 23
Suppose c - 5*a = 73, -5*c + 259 = -4*a - 127. List the prime factors of c.
2, 3, 13
What are the prime factors of (15 + -3)/(-4)*(-7133)/21?
1019
Let i = 37 - 37. What are the prime factors of -1*-11*(i + 1)?
11
Let m = 707 - 395. Suppose m = 8*v - 384. What are the prime factors of v?
3, 29
Suppose 0 = 5*d - 4*d. Suppose -5*n - 3*z + 280 = d, -n - 3*z = 3*n - 224. What are the prime factors of n?
2, 7
Let g(c) = -299*c**2 + 3*c - 2. Let m be g(1). Let z = m - -187. Let x = -49 - z. What are the prime factors of x?
2, 31
Suppose 4*w + 3958 = 2*z - 3308, -5*w = 7*z - 25431. List the prime factors of z.
3, 7, 173
Suppose -25*w + 87*w = 108500. What are the prime factors of w?
2, 5, 7
Let i(j) = 12*j - 7. Let s be (2/(-2) + -2)/(-1). Let q be i(s). Suppose 0 = -3*n + 5*g + q, -g = -3*n - 2*g + 5. List the prime factors of n.
3
Let l = -1534 + 3418. What are the prime factors of l?
2, 3, 157
What are the prime factors of (5/((-15)/27))/((-1)/137)?
3, 137
Let m(y) be the first derivative of -11*y**2/2 - 5*y + 6. Let d be m(-7). Suppose x - d = -0*o - 4*o, -o - 2*x = -11. What are the prime factors of o?
19
Let p = -101 - -10. Let y = -37 - p. List the prime factors of y.
2, 3
Suppose 0 = 3*y - 6 + 3, -2*s + 4*y + 58 = 0. Let d = s - -50. What are the prime factors of d?
3
Let r = -82 + 74. What are the prime factors of r*(4/3)/((-3)/9)?
2
Let w = -108 - -205. Suppose 2*q = -0*q - 4*i + 92, -2*q = 3*i - w. What are the prime factors of q/42 + (-14)/(-3)?
2, 3
Let f be 14/6 + (-1)/3. Let t(h) = 3*h**2 - h**3 + 3*h - 7*h**f + 4*h. List the prime factors of t(-6).
2, 3, 5
Let q be 34/6 - 1/(-3). Suppose -3*z = -z + 2*r - 18, -4*r - q = -3*z. Suppose 0 = x - 2 - z. What are the prime factors of x?
2
Let b(v) = 2*v**3 - 6*v**2 + v - 1. Let q(r) = -r**3 + 5*r**2 - r + 1. Let h(d) = -2*b(d) - 3*q(d). List the prime factors of h(-5).
2, 11
Suppose -42 = 2*h - 5*h. Let l be (-4)/h + (-182)/49. What are the prime factors of 0 - 3 - l - -10?
11
Let x be (-1645)/(-21) + (-4)/(-6). Suppose 33*s - 3 = 30*s. What are the prime factors of (x - s)*5/10?
3, 13
Let p be (-3)/(-6)*-27*108. What are the prime factors of (4/3)/((-36)/p)?
2, 3
Let w = 18 - 15. Suppose -2*r + 249 = m + 4*m, w*r + 239 = 5*m. Suppose 9 = -4*b + m. What are the prime factors of b?
2, 5
Let g(k) = 6*k**3 + 5*k**2 - 6*k + 21. List the prime factors of g(5).
2, 433
Let l be 4 - ((1 - 4) + 3). Suppose 6*b = -4*p + 2*b, 5*p + l*b - 4 = 0. List the prime factors of p.
2
Suppose 4*h = 5*v - 774, -3*v - 2*h = -0*h - 460. What are the prime factors of v?
2, 7, 11
Suppose 2*r = t + 1642, -2*t = -r - 4*t + 826. What are the prime factors of r?
2, 3, 137
Let b = 25 - 19. Suppose 5*w - 523 = -4*c + b*w, 2*c - 2*w = 254. List the prime factors of c.
2, 3, 11
Let t(x) = 3*x**2 + 4*x - 5. Let p(m) = 7*m**2 + 7*m - 10. Let i(r) = 2*p(r) - 5*t(r). Let b be i(-6). What are the prime factors of (-12)/(-20) + 32/b?
7
Suppose 252 = -2*z + 3*m + 757, 5*m + 25 = 0. Suppose -9*o - 3*a = -10*o + z, 4*a = -12. What are the prime factors of o?
2, 59
List the prime factors of -80*(5 + (-8 - -3 - 2)).
2, 5
What are the prime factors of 135310/30 + 7 - 5/(-3)?
4519
Let u = -102 + 545. List the prime factors of u.
443
Let i(w) = -6*w + 13*w**2 - 2*w + 6 + 4*w - 5*w - w**3. List the prime factors of i(10).
2, 3
Let x(v) = 5*v**3 - 4*v**2 - 3*v + 13. What are the prime factors of x(5)?
523
Let q(l) = -l + 18. Let u be q(-26). Suppose i - 4*v - 43 = u, 20 = -4*v. What are the prime factors of i?
67
Suppose 0 = 4*f - f - 78. Let l be (-1)/2*(-2 - 0). Let r = f - l. What are the prime factors of r?
5
Let j = 8 - 10. Let b(d) = 4*d + 4. Let y be b(j). What are the prime factors of 54/3*(-6)/y?
3
Let i = 10 + -13. Let m be (20/8 + i)*-2. List the prime factors of m - (-1 - 0)*9.
2, 5
Let o = -53 + 45. What are the prime factors of 4 - -126 - o/4?
2, 3, 11
Suppose 3*n - 4*y - 7263 = 0, 62*y - 57*y = 2*n - 4849. List the prime factors of n.
2417
Let b = 249 - 164. What are the prime factors of b?
5, 17
Let h = -60 - -62. What are the prime factors of (10/15 - h)/(4/(-210))?
2, 5, 7
Let z = 74 - 38. Suppose z = 4*l + 4*j, -3*l - 2*j + 7*j = -3. Suppose 13*d - l*d = 301. What are the prime factors of d?
43
Suppose 733 = 2*a + 175. What are the prime factors of a?
3, 31
Let t(v) = -v**2 + 6*v + 2. Let x be t(6). Let a(k) = -x*k**3 + k**2 - k + 3*k**3 + 16 - 2*k**3. List the prime factors of a(0).
2
Suppose -6*m + 102942 = 32*m. List the prime factors of m.
3, 7, 43
Let z be (-3 + -5)*1*-8. Let s = z + -62. List the prime factors of s.
2
What are the prime factors of 2 - -1 - 139535/(-55)?
2, 5, 127
Let m = -232 - -1146. What are the prime factors of m?
2, 457
Suppose -13*j + 1561 = -6*j. List the prime factors of j.
223
Let g(d) = d + 14. Let q be g(-8). Suppose 0*y + q = 2*y. List the prime factors of 14*(14/4 - y).
7
List the prime factors of 4 - (6/(-2) - 360/2).
11, 17
Let g be (-50)/(-20)*4/5. Suppose g*m - 214 - 10 = 0. List the prime factors of m.
2, 7
Let x = -44 - -48. Let l = 59 + x. What are the prime factors of l?
3, 7
Suppose -2*m - 3*b = -4, 3*m - 5*b - 10 = -4. Suppose g - 31 = -m*s + 4*g, 0 = -3*s + 4*g + 47. What are the prime factors of s?
17
Let c(w) = -7 + 25 - 7 + 18*w. What are the prime factors of c(8)?
5, 31
Suppose -4*w = 5*p - 644, 5*p - 6*p = 3*w - 472. List the prime factors of w.
2, 3, 13
Let h = 26 - 40. List the prime factors of (h/21)/(4/(-582)).
97
Suppose -26*n - 12 = -32*n. What are the prime factors of n?
2
Let t(a) = -7*a - 1. Suppose -2*h + 3*h - 1 = 0. Let r be h/(1/(-1) - 0). What are the prime factors of t(r)?
2, 3
List the prime factors of 1048 + 15 + 2 + -8.
7, 151
List the prime factors of (-8)/(-14) - 1755/(-273) - -5347.
2, 2677
Suppose -5130 = 708*x - 718*x. What